 of 854965845 and 9598.
4799
What is the greatest common factor of 1013245 and 925?
185
Calculate the highest common factor of 1360381 and 28589.
253
Calculate the highest common factor of 15982 and 492822.
262
Calculate the greatest common factor of 84 and 282868.
4
What is the highest common divisor of 6774417 and 585?
117
Calculate the greatest common divisor of 14007 and 1855420.
203
What is the greatest common divisor of 32345 and 295?
5
What is the greatest common factor of 98252 and 2178596?
812
What is the highest common divisor of 340625529 and 11394?
1899
What is the greatest common divisor of 42191 and 226858?
31
Calculate the greatest common factor of 398529 and 666.
9
What is the highest common divisor of 7305 and 6504372?
1461
Calculate the greatest common factor of 13555850 and 616.
154
What is the greatest common divisor of 2428013 and 112091?
469
Calculate the highest common factor of 4775394 and 1962.
6
Calculate the greatest common divisor of 5648 and 609328.
16
What is the highest common factor of 6232 and 89942808?
152
Calculate the greatest common divisor of 700552 and 635202.
2614
Calculate the highest common divisor of 3072 and 17485824.
3072
Calculate the greatest common factor of 179820 and 85860.
1620
Calculate the highest common factor of 204 and 8690124.
12
What is the greatest common factor of 140 and 193966472?
28
Calculate the highest common divisor of 91843499 and 1034.
517
What is the greatest common divisor of 1088 and 1791488?
64
Calculate the greatest common factor of 43414848 and 684.
684
What is the highest common divisor of 1768 and 20365904?
104
What is the highest common factor of 1001328 and 21114?
138
What is the highest common divisor of 3362376 and 12504?
24
What is the highest common factor of 300 and 13055550?
150
Calculate the highest common divisor of 181993021 and 332.
83
Calculate the highest common divisor of 19643 and 179556.
13
What is the greatest common divisor of 246444 and 804?
12
What is the greatest common factor of 23113 and 128093?
29
Calculate the highest common divisor of 10713967 and 44.
11
Calculate the greatest common divisor of 117035 and 950745.
1315
What is the greatest common divisor of 152 and 111335?
1
Calculate the highest common factor of 74497 and 13231394.
1817
Calculate the highest common divisor of 1992 and 1310496.
24
Calculate the highest common divisor of 325584 and 4560.
912
What is the highest common factor of 2027 and 57929633?
2027
What is the highest common factor of 145488560 and 2800?
560
What is the highest common divisor of 2962 and 18457703?
1481
What is the greatest common factor of 363 and 10728399?
33
What is the highest common factor of 13843731 and 30?
3
What is the highest common factor of 180461287 and 377?
29
Calculate the greatest common divisor of 20661 and 196386.
213
What is the highest common divisor of 4804995453 and 3261?
3261
What is the highest common factor of 1700 and 3695460?
340
What is the highest common factor of 47593 and 1091501?
523
Calculate the highest common divisor of 26012 and 602.
14
Calculate the highest common divisor of 3409056 and 8064.
2016
Calculate the greatest common factor of 156982 and 5131.
7
What is the greatest common divisor of 88322 and 2479178?
2054
Calculate the greatest common factor of 30 and 298772190.
30
What is the highest common factor of 27 and 24298380?
27
What is the highest common divisor of 576 and 5902512?
48
Calculate the greatest common divisor of 18130344 and 2256.
1128
Calculate the greatest common divisor of 2640 and 345488.
176
Calculate the highest common factor of 129544 and 11768.
8
Calculate the highest common divisor of 2285528 and 1064.
56
Calculate the greatest common divisor of 2901 and 24852867.
2901
Calculate the greatest common factor of 10785 and 126000.
15
Calculate the highest common divisor of 1434784 and 4728.
8
Calculate the highest common factor of 182 and 5255502.
14
What is the highest common divisor of 14083590 and 185610?
690
What is the highest common divisor of 944 and 3539882?
118
Calculate the highest common factor of 288 and 29277.
9
Calculate the highest common divisor of 60557 and 788963.
287
What is the greatest common factor of 485917 and 3568?
223
What is the highest common factor of 28386876 and 22356?
276
Calculate the greatest common factor of 1237405103 and 11.
11
What is the greatest common factor of 141606408 and 5094?
1698
What is the greatest common factor of 935522 and 44954?
266
Calculate the greatest common divisor of 18204448 and 30368.
2336
Calculate the highest common divisor of 121554511 and 654.
109
What is the highest common divisor of 22412 and 41051888?
1724
Calculate the highest common factor of 516 and 13874982.
258
Calculate the highest common factor of 345 and 24384830.
115
What is the highest common factor of 40216 and 14945271?
5027
Calculate the highest common divisor of 28 and 2284863.
7
What is the highest common factor of 2442 and 3979239?
1221
What is the highest common divisor of 46059 and 16458?
39
Calculate the highest common factor of 398500339 and 29.
29
Calculate the highest common divisor of 13167 and 195720.
21
Calculate the highest common divisor of 373179 and 2033.
19
What is the greatest common divisor of 35478144 and 19435?
299
What is the greatest common divisor of 544 and 6075494?
34
What is the highest common factor of 7068651 and 97393?
289
Calculate the highest common divisor of 8340 and 36937165.
695
Calculate the highest common divisor of 2322 and 4764357.
387
What is the highest common factor of 673570 and 125?
5
What is the highest common divisor of 1139805 and 675?
135
Calculate the highest common divisor of 42542 and 8989.
89
What is the greatest common divisor of 1367782 and 26?
26
What is the highest common divisor of 877748212 and 22?
22
What is the highest common divisor of 912 and 961149200?
304
Calculate the greatest common divisor of 4 and 404774784.
4
What is the highest common factor of 3451700 and 2660?
140
What is the greatest common divisor of 48328 and 32564?
28
Calculate the highest common divisor of 655886 and 154.
154
Calculate the greatest common factor of 2842 and 26546049.
29
Calculate the greatest common divisor of 13928 and 328.
8
Calculate the highest common divisor of 115973491 and 291.
97
What is the highest common divisor of 861388675 and 19425?
6475
Calculate the highest common factor of 35 and 52103905.
35
Calculate the highest common factor of 1389784 and 272.
136
Calculate the highest common factor of 80 and 21485560.
40
Calculate the highest common factor of 1231800 and 1572.
12
Calculate the highest common divisor of 6575 and 244225.
25
Calculate the greatest common factor of 1908476 and 15364.
668
Calculate the highest common factor of 22143942 and 324.
162
Calculate the greatest common factor of 11781 and 939807.
99
What is the highest common factor of 11610 and 13561641?
1161
Calculate the highest common divisor of 107991295 and 10.
5
Calculate the highest common divisor of 5391464 and 75952.
376
What is the highest common divisor of 210 and 1057162470?
210
What is the highest common factor of 422977868 and 4?
4
What is the greatest common divisor of 504 and 3556224?
504
What is the greatest common divisor of 39563160 and 3588?
156
Calculate the highest common factor of 73924768 and 4.
4
What is the highest common divisor of 274735872 and 25344?
2304
What is the greatest common factor of 3270 and 8206610?
1090
What is the highest common divisor of 361 and 735323427?
361
Calculate the greatest common factor of 50702455 and 5.
5
What is the highest common factor of 78306 and 19158?
186
Calculate the greatest common factor of 219 and 21396957.
219
What is the highest common divisor of 2698 and 643047?
71
What is the greatest common divisor of 5956334 and 18?
2
Calculate the greatest common divisor of 836659 and 5343.
137
What is the greatest common divisor of 134802 and 32679?
9
Calculate the highest common factor of 101262 and 465323.
2411
Calculate the greatest common factor of 187411 and 11767.
287
Calculate the greatest common divisor of 1296 and 25957341.
81
What is the highest common factor of 26986 and 1152158?
206
What is the greatest common divisor of 53 and 